 by 18?
16
Let n(s) = -s**3 - 9*s**2 - 9*s - 4. Let d be (-122)/15 - (-40)/300. Let z be (-1 + 2 + 0)*d. Calculate the remainder when 14 is divided by n(z).
2
Let i = -36 + 42. Suppose -59 = -i*a - 17. Let c = a - -11. What is the remainder when 87 is divided by c?
15
Let i be 99/(-2) - (-3)/(-6). Let f = -5 - i. Let m = f + -39. What is the remainder when m is divided by 3?
0
Suppose -119*t - 2*v = -116*t - 44, -2*t - 7*v = -52. Calculate the remainder when t is divided by 3.
0
Let j be (5 + 46/(-10))/((-2)/(-25)). Calculate the remainder when 4 - (-10 + j - 0) is divided by 3.
0
Let u = 3456 - 2306. Let t = -884 + u. Calculate the remainder when t is divided by 54.
50
Suppose -3*l - 4*v = -2*l - 3, -l + 3*v = -31. Suppose h + 3 = l. Calculate the remainder when ((-7)/28 - 7)/((-4)/16) is divided by h.
13
Let c = 168 + -140. Suppose -c*z = -19*z - 423. Calculate the remainder when 93 is divided by z.
46
Let n = 15 + 1. Suppose -910 = 6*r - n*r. Let a(z) = z**3 - 12*z**2 + z + 12. Calculate the remainder when r is divided by a(12).
19
Suppose -2*j + 6*r + 4900 = 4*r, -r + 1 = 0. Suppose 0 = -4*f + j + 41. Calculate the remainder when f is divided by 52.
51
Suppose 0 = -2*v - 5*z + 515, -2*z = -4*v - 173 + 1191. What is the remainder when v is divided by 88?
79
Let n = -115 - -142. What is the remainder when 431 is divided by 32/(((-6)/4)/(n/(-36)))?
15
Suppose 20*c - 126 + 117 = 251. What is the remainder when 3750 is divided by c?
6
Let h(l) = -2*l - 10. What is the remainder when h(-15) is divided by 2 - (32/(-80))/(2/30)?
4
Suppose -v + m = 0, 0 = -5*v - 2*m - m + 8. Let a be 34/(3 - v) - 5. Suppose -4*u - t + a = 2*t, 0 = 3*t. What is the remainder when u is divided by 1?
0
Let f be 3/8 + 29/8. Let d be 429/18 - ((-115)/(-30) - f). Calculate the remainder when 165 is divided by d/2*(-14)/(-6).
25
Suppose 0 = 4*s + 3*s - 14. Let v be (-2)/(-3) - 520/(-15)*s. Suppose 0 = 15*g - 20*g + v. What is the remainder when 97 is divided by g?
13
Suppose f + 2*g = 494, -2*f + 229 + 771 = -2*g. What is the remainder when (176/(-28))/(f/84 + -6) is divided by 6?
4
Let j(f) = 2*f + 5. Let x be j(-3). Let k be 2 - 5 - x - -4. Suppose 110 = k*z + 42. Calculate the remainder when z is divided by 13.
8
Suppose 9 = -4*p + 25. Suppose 6*q = 7*q - 2*f - 14, p*q = 5*f + 53. Calculate the remainder when 56 is divided by q.
8
Let c be -3 + 2 - (1 + -17). Let b = 36 - c. Let j(h) = -5*h**2 + 81*h - 9. What is the remainder when j(15) is divided by b?
18
Suppose -5*o + 105 + 135 = 0. Suppose 4*f - 8 = o. Suppose -214 = -f*j + 94. What is the remainder when j is divided by 12?
10
Suppose -5*z + 572 + 2508 = -4*u, 0 = -2*z + 4*u + 1244. Let r = z + -580. What is the remainder when 112 is divided by r?
16
Suppose -22*z - 7315 = -11*z. Let g = -468 - z. Calculate the remainder when g is divided by 2/1*(1 - -10).
21
Let h = 287 + -307. What is the remainder when 128 is divided by h/6*1650/(-250)?
18
Let l(u) = 7*u + 442. Calculate the remainder when l(3) is divided by 147.
22
What is the remainder when 349 is divided by 125/10*-3*(-28)/6 - 3?
5
Suppose -16*t + 11*t + 30 = -4*t. Calculate the remainder when 1798 is divided by t.
28
Calculate the remainder when 141 is divided by 10/(-48 - -8) + 325/4 + -2.
62
Let q be (14576/48)/(2/12). Suppose -14*f = -124 - q. Let j = 60 - 32. Calculate the remainder when f is divided by j.
27
Let f(y) = -4*y**2 - 22*y + 6. Let k be f(-8). Let p = -62 - k. Calculate the remainder when 43 is divided by p.
7
Let i(d) = -19729*d - 710199. Let t be (-283)/(-2) - 2/(-4). Let u = t + 37. What is the remainder when u is divided by i(-36)?
44
Let q be (-10 + 11)/((-3)/(-66)). Suppose -q*u + 340 = -1024. Calculate the remainder when u is divided by 9.
8
Let n(h) = -2*h**3 + 30*h**2 + 149*h - 1792. Calculate the remainder when n(16) is divided by -2 + 4 - 88/(-2).
34
Let w(o) = 44*o - 18 - 5 - 39*o. Calculate the remainder when 114 is divided by w(6).
2
Suppose 3*l + 4*b - 168 = 0, -l + 49 = 3*b - 7. Suppose -4*w + 731 + 401 = 4*m, 2*m + 262 = w. Calculate the remainder when w is divided by l.
52
Suppose 5*f + 3*g - g = -91, 3*f = -3*g - 60. Let c(p) = -p**3 - 14*p**2 + 49*p + 7. Calculate the remainder when 78 is divided by c(f).
37
Let u = 4441 + -4213. What is the remainder when u is divided by 39?
33
Let n = 169 + -164. Suppose 98 = n*j + 13. What is the remainder when 50 is divided by j?
16
Let d = 6747 + -6630. Calculate the remainder when 249 is divided by d.
15
Let q(r) = 2*r**2 - 35*r - 11. Suppose 2*s = -0 - 0. Let m be s - -16 - 1 - (-6 + 3). Calculate the remainder when q(m) is divided by 2.
1
What is the remainder when 2*2*33/12 is divided by -2*8*(-168)/448?
5
Suppose 181*r + 14046 = 220*r - 3777. Calculate the remainder when r is divided by 2.
1
Suppose -9*p + 17*p = -9*p + 27659. Calculate the remainder when p is divided by 61.
41
Suppose 2*k + 22 = -8. Let o be (-625)/k - 2/3 - 1. Let m = 86 - o. Calculate the remainder when 181 is divided by m.
43
Suppose -31*s - 25*s + 48*s = -5512. What is the remainder when s is divided by 12?
5
Let l = 55 + -6. Let u(g) be the second derivative of g**4/12 - g**3/6 + 3*g**2 - g. Calculate the remainder when l is divided by u(-4).
23
Let y = -58 - -102. Suppose c - y = 3*c. What is the remainder when 201 is divided by 11/(c/(-8)) + 25?
27
Let w(q) = q**3 + 10*q**2 - 13*q + 19. Let u be w(-11). Suppose 20 = -37*c + u*c. What is the remainder when 9 is divided by c?
4
Suppose 2*n = -4*k + 18, 0 = -2*n - 2*n + k + 18. Let x(j) = 4*j**2 - 6*j + 17. Calculate the remainder when x(n) is divided by 18.
15
Suppose s = -c + 109, -28*s + 29*s + 2*c - 104 = 0. What is the remainder when s is divided by (0 - 50)*1/(-2)?
14
Suppose -139*r = -339385 - 570787. Calculate the remainder when r is divided by 7.
3
Suppose -h = 18*r - 23*r - 271, -3 = 3*r. Calculate the remainder when 1254 is divided by h.
190
Suppose 0 = -332*u + 335*u - 4*a - 5106, -a = -4*u + 6834. Calculate the remainder when u is divided by 22.
16
Suppose 3*l = -3, y + 2*y + 4*l - 56 = 0. Let h be (-1)/(2025/(-505) - -4). Suppose h = -6*w + 449. Calculate the remainder when w is divided by y.
18
Suppose -171 = -5*p + j, 2*p - 86*j + 85*j - 69 = 0. Let o = 6 + 6. Calculate the remainder when p is divided by o.
10
Let r(c) = 6*c - 56. Let p be r(22). Suppose -4*q - 3*i + 105 = 0, 3*i = 3*q + 8*i - p. What is the remainder when 210 is divided by q?
21
Let l(p) = -p**3 + 10*p**2 - 3*p + 47. Calculate the remainder when 380 is divided by l(10).
6
Suppose 0 = -b + 27 - 11. Suppose -35 = -n + b. Calculate the remainder when 150 is divided by n.
48
Suppose -5*c = -y + 60 - 9, 45 = y - 4*c. Calculate the remainder when (124 - -1) + -8 + 7 is divided by y.
19
Suppose -4*u + 50 = -3*l, l + 9 = u - 3. Suppose -u*x = 355 - 1195. What is the remainder when x is divided by 22?
16
Suppose 3948 = 10*q + 18*q. What is the remainder when 561 is divided by q?
138
Let q = 25 + -6. Let i = 384 - 287. Let a = 104 - i. What is the remainder when q is divided by a?
5
Let d = -3611 + 3837. What is the remainder when d is divided by 36?
10
Let p(t) = t**3 - 13*t**2 + 16*t + 19. Suppose 1 = y - 4*h + 5, -h = -y + 2. Suppose -y*a + 5*a = 23. Calculate the remainder when p(12) is divided by a.
21
Suppose -2*p = -28 - 34. Let w = 5578 + -5569. What is the remainder when p is divided by w?
4
Let r = 25 - 15. Let b(a) = -4*a + 65. Let i be b(15). Suppose u - i*v = 102, -38*u + 36*u - 5*v + 279 = 0. What is the remainder when u is divided by r?
7
Let j(p) = p**2 - 4*p. Let z be j(5). Calculate the remainder when 2 + 2 - (z + -64) is divided by ((-88)/(-32))/((-2)/(-24)).
30
Suppose 86 = -15*b + 296. Calculate the remainder when 373 is divided by b.
9
Let z(g) = -g**3 + 10*g**2 + 5*g. Let w be -10*-1*(1 + 0). Suppose w = m - 22. What is the remainder when z(9) is divided by m?
30
What is the remainder when (29/(1624/(-4080)))/((-4)/28) is divided by 37?
29
Let t = -53 - -60. Suppose -t*n = -2*n - 65. Suppose -n*i = -0*i - 689. Calculate the remainder when i is divided by 18.
17
Suppose -4*j = -3*u - 201, 4*j - 3 = -2*u + 183. What is the remainder when j is divided by 1*-7 - 2 - 250/(-100)*14?
22
Suppose 234*l - 494 - 1237 + 93 = 0. Calculate the remainder when 2/(-10) + (